= 13265694. Is p a prime number?
True
Suppose -282*i - 46448709 = -531*i. Is i a composite number?
True
Suppose -4*x - 32 = -5*y, -x + 1 = 3*y - 8. Suppose 5*o - y*n = 5023, 3*o - 1731 = -2*n + 1274. Is o a composite number?
True
Let m be (6/(-8))/(-3)*(-7 - -7). Suppose m = 5*f - 4*p - 5443, 2*f + 7*p - 2172 = 6*p. Is f a prime number?
True
Let d = 45 - 40. Suppose 0 = -d*z - 9 + 24. Is ((-14)/4)/(z + (-201)/66) a composite number?
True
Suppose -10*b = -4*b + 12. Let m be -7 + (-1)/b*-4. Is (-3 + 2)/(m/14913) composite?
False
Let u be -207*(1 - 5)/(-4). Let g = -28 - u. Is g a composite number?
False
Suppose 5*k = 9*a - 10*a + 421563, -a = 2. Is k a prime number?
True
Let l = 1258272 + -806525. Is l prime?
True
Let r(m) = -36*m + 919. Is r(-28) a composite number?
True
Is (-4)/9 - 25668806/(-558) a composite number?
True
Let x = -124 - -110. Let s(c) = c**3 + 14*c**2 + 8*c + 5. Let i be s(x). Let k = 800 - i. Is k a prime number?
True
Let v be (35 + -56)/(6/(-10)). Suppose v + 148 = i. Is i prime?
False
Let r(v) = -v**3 + 81*v**2 - 99*v + 293. Is r(66) a composite number?
True
Suppose 30*f - 12*f - 892404 = 372474. Is f a composite number?
False
Let p(j) = -43*j + 6. Let z be p(-7). Let v = z + -1333. Let u = -349 - v. Is u a composite number?
False
Suppose 4368 = 3*d + d - 2*a, -4368 = -4*d + 4*a. Suppose -3*j + 3*g + d = -1476, -4*j - 2*g + 3424 = 0. Suppose v + j = 2*v - r, 4*r + 20 = 0. Is v composite?
True
Let u(i) = -878*i**3 + 5*i**2 + 4*i + 4. Let w(l) = 1759*l**3 - 11*l**2 - 8*l - 9. Let k(h) = -13*u(h) - 6*w(h). Suppose -3 = -g - 2. Is k(g) prime?
True
Let a = 1515 - 3857. Let y = a - -3493. Is y prime?
True
Let r(i) = 9*i - 42. Let s be r(5). Suppose 6*w + 644 = w - 4*q, -4*w - 516 = s*q. Let m = w + 551. Is m a prime number?
True
Let o = -86 - -917. Suppose -4*u = -16 - 0. Suppose u*x = -5*l + 483 + 2841, x - o = 4*l. Is x a prime number?
False
Is (-1 - -1) + 8/((-208)/(-1201694)) prime?
True
Suppose 5*m = -18053 + 128918. Suppose 7*f - 3*u - 14783 = 5*f, 4*u + m = 3*f. Is f a composite number?
True
Let o be (14308/(-70))/(((-2)/15)/((-42)/63)). Let i(y) = -538*y + 5. Let r be i(-4). Let s = r + o. Is s a prime number?
False
Let u(g) = -112*g - 29. Let l be u(-1). Suppose l*d = 49*d + 154054. Is d a composite number?
True
Let i(m) = m**3 - 14*m**2 - 47*m + 55. Suppose 8*d = d + 154. Is i(d) a prime number?
False
Is 151349395/2225 - (1 + 9/(-5)) a prime number?
True
Let u(p) = -203*p - 157. Let d be u(-7). Suppose 0 = -1269*g + d*g + 180845. Is g a composite number?
True
Let r be (78/52)/(1 - (-7)/(-4)). Let w be (-2)/r*-4 - 498. Let s = w - -765. Is s prime?
True
Let v = 148643 + -74981. Let q = 112879 - v. Is q a composite number?
False
Suppose 2*d = 5*n - 228 - 1680, 0 = -2*n + 4*d + 760. Suppose n*t = 383*t - 7607. Is t prime?
True
Let q be 7/35 - (-63)/(-15) - 4336. Let l = -2401 - q. Is l composite?
True
Suppose -9*d + 4*c = -4*d - 79, 80 = 4*d + c. Let u = 99 - d. Let t = 87 - u. Is t composite?
False
Suppose -b + 2586 = -5592. Let o = -4039 + b. Is o prime?
True
Let f(u) = 41*u**2 + 467*u + 69. Is f(-29) a composite number?
True
Suppose -70*p - 61*p = 8*p - 416861. Is p a prime number?
True
Let f = -109767 - -200362. Is f a composite number?
True
Let g = -16371 + 27436. Is g prime?
False
Let k = 65806 + 10581. Is k prime?
True
Let l(q) = -7*q - 9 - 5*q**2 + 21*q**2 + 23*q**2 + 50*q. Is l(16) a prime number?
True
Let i(x) = 2*x**2 - 8*x - 6. Let n be i(5). Let f(l) = l**2 - 3*l - 4. Let z be f(n). Suppose 1361 = -z*h + h. Is h a composite number?
False
Let i(g) = 2*g - 1. Let p be i(2). Suppose -p*z - a + 59150 = 0, 3*z + 2*a + 19705 = 4*z. Suppose -21*n + 16*n = -z. Is n composite?
False
Suppose 0 = 4*w + 5*r - 18443 - 579487, -6 = 3*r. Suppose 9*y + w = 14*y. Is y prime?
False
Let i = 5750 - 1015. Is i a prime number?
False
Let j = 48433 + -32306. Is j prime?
True
Suppose 17*i - 12*i = 1080. Suppose 105457 = 227*k - i*k. Is k composite?
False
Suppose -41 = -11*r - 8. Suppose 5*t + f - r*f = 13, 5*t = -4*f + 19. Is 1268 + (-4)/(12/1)*t composite?
True
Suppose -5*n - 40757 = -f - 9*n, 0 = -2*f - 2*n + 81514. Is f a composite number?
True
Suppose 0*r + 54 = -3*r. Let y = 16 + r. Is 3/3 + y - -114 a prime number?
True
Let o be (-2)/6 + 138/9 - -1. Suppose -5*k = -o + 1. Suppose -k*s - 4*y = -347, 0 = 2*s + 5*y + 21 - 264. Is s prime?
True
Let c(u) = 56 - 108*u - 14*u - 15 - 4. Is c(-5) prime?
True
Let c = 811 - 814. Let f(o) = -o**3 + 7*o**2 + 9*o + 9. Let v be f(-7). Is c/(-9) - v/(-3) composite?
False
Suppose u = -5*z + 202918, 5*z = 39*u - 41*u + 405831. Is u prime?
False
Let y(j) = 174 + 18*j - 128 + 81*j. Is y(5) a prime number?
True
Let v = -237 - -244. Suppose v*h - 6*h + 53146 = 3*q, -q = h - 17722. Is q a composite number?
True
Is 349359162/(-904)*12/(-9) prime?
True
Let j(a) = -415*a**2 + 3*a**3 - 3*a + 12*a - 4*a**3 + 431*a**2 - 7. Is j(9) a prime number?
True
Suppose 18164 = 5*z - 6*a - 386241, 3*z - 3*a - 242643 = 0. Is z prime?
False
Suppose 9*a + 5724 = -0*a. Let f = a + 1373. Is f prime?
False
Let o be -13 + (-2 - 0) + 9. Is 6 - 39*11*18/o a composite number?
True
Let o(t) = -489*t - 22. Let n = -105 + 99. Let w be o(n). Suppose -w = -4*c + 596. Is c prime?
True
Is 2503449/24 + -7 - (-39)/(-104) prime?
False
Suppose u - 3*s = 1, -4*u + 38 - 34 = s. Is (u - 0)/((-5)/(-188335)) composite?
True
Suppose 0 = q - 3*q + 3*q. Let l be (q - -3)*6/(1 + 5). Suppose -d + 2*v = -2717, 2*v + 8116 = 3*d + l*v. Is d a composite number?
False
Let j(o) = -302*o**3 - 15*o**2 - 31*o - 11. Is j(-7) prime?
False
Let p be 4/(-22) - ((-505)/55 + -2). Suppose 0 = p*i - 2950 - 47463. Is i prime?
True
Is ((-4)/(-6))/(5/((-1842825)/(-2))) composite?
True
Let q(w) = -21 - 61*w + 110*w + 39 + 32 + 122*w. Is q(19) a prime number?
True
Suppose -4*p + 1213195 = 5*f, -3*f - 57 = -66. Is p a prime number?
False
Let f(b) = -3*b**3 + 16*b**2 - 64*b + 250. Is f(-39) composite?
True
Let z = 55 - 43. Let p be 8 + -10 - z*-1. Suppose y - p - 33 = 0. Is y prime?
True
Let j(n) = -n**2 - 6*n + 45. Let d be j(-11). Is -3019*((-7 - d) + (-1 - 3)) prime?
True
Is 2*(-8 - 2827830/(-20)) a prime number?
True
Let s be (6872/3)/(7/(-42)*-2). Let r = 4793 + s. Is r a prime number?
False
Suppose -30*m + 18*m = 2316168. Is 6*3/63 + m/(-14) prime?
False
Let z(o) = 1 + 30*o - 22 - 4. Let t = -15 - -39. Is z(t) a composite number?
True
Suppose 5720 = -232*t + 237*t. Suppose -5*b - 635 = -i + t, 4*i + b = 7074. Is i a prime number?
False
Let n = -17 - -21. Suppose -5*a = -k - n*k + 740, 9 = -3*a. Suppose -4*x = k - 581. Is x prime?
True
Suppose c = -4*x - 95692, 3*x + 7*c + 71792 = 12*c. Suppose 0 = 3*p - 0*o - 4*o + 5, -1 = -3*p + o. Is (1 - (-20)/(-16))*x*p a composite number?
False
Suppose -5*l - 12 = -11*l. Suppose l*v - v - 4102 = -5*j, -2*v + 1636 = 2*j. Is j composite?
False
Suppose 5*f + 342664 = 4*u - u, -u + 114219 = -4*f. Is u a prime number?
False
Let b(w) = 67*w**2 + 31*w - 29. Let d = -259 + 248. Is b(d) composite?
True
Is ((-8 - -7) + -5196)*-79 a prime number?
False
Is (134/(-201))/((-147972)/(-73989) + -2) composite?
False
Is 33849620/21 - (14 + (-172)/12) a composite number?
True
Suppose -3*m - 4*b = -12, -3*m + 2*b = 3*b - 3. Is (1 + m)/(2/1124) a prime number?
False
Let q(k) = -4*k + 3. Let n be q(3). Let m(b) be the third derivative of -b**6/120 + b**5/20 - 5*b**4/24 + 13*b**3/3 + 70*b**2. Is m(n) a composite number?
True
Suppose -4*p + 12 = 0, -4*p + p + 12 = y. Suppose 14*i - y*i - 22 = 0. Is i - (-4 - 835/1) a prime number?
False
Let t(r) = r**3 + 4*r**2 + 27*r + 157. Is t(26) a prime number?
True
Is (8944/32)/(3/6) - -6 prime?
False
Suppose 0 = 2*c + 2, -20758 = -q - 5*c + 9508. Is q composite?
False
Let a(z) = 7*z + 39. Let s be a(-5). Suppose 0 = 2*n - s*t - 4714, -7496 = -3*n - t - 418. Is n a composite number?
True
Suppose 5*u = -20, -262*r = -259*r + 5*u - 218839. Is r composite?
False
Let b = 84478 + -41691. Suppose -12*w + 52505 = -b. Is w a prime number?
False
Suppose 3*o + b = -848, -5*o + 8*b - 1417 = 6*b. Let p = 1200 + o. Is p a composite number?
True
Let k = 38812 - -8209. Is k a composite number?
True
Let i = -9556 + 15735. Is i prime?
False
Is (65 - 63)/((-2)/(-9)) + 1489858 a composite number?
False
Suppose 24462*a - 141134